+ 43*b**2 + 34*b - 139. Calculate h(44).
-579
Let u(b) = -6*b - 285. Calculate u(-41).
-39
Let h(w) = -w**3 - 8*w**2 + 22*w + 66. Calculate h(-11).
187
Let w(y) = y**3 - 10*y**2 + 17*y + 44. What is w(7)?
16
Let v(w) = -6*w**2 - 15*w - 14. Give v(0).
-14
Let u(s) = -8*s**3 + 5*s**2 + 659*s + 657. Determine u(-1).
11
Let x(j) = 3*j**3 + 48*j**2 + 34*j - 100. Calculate x(-15).
65
Let r(c) = 14*c**2 - 4194*c + 2389. What is r(299)?
-3
Let u(p) = p**2 + 14*p + 5. What is u(-12)?
-19
Let k(h) = 2538*h + 10174. Determine k(-4).
22
Let w(l) = -19*l - 296. Calculate w(-22).
122
Let o(i) = -7*i**2 - 154*i + 336. Calculate o(-24).
0
Let m(y) = -4*y**2 - 11*y - 12. Give m(-4).
-32
Let v(p) = p**3 + 56*p**2 + 497*p + 17. Give v(-11).
-5
Let a(t) = t**3 - 8*t**2 + 23*t - 10. Determine a(3).
14
Let r(u) = u**2 - 283*u + 11918. Determine r(51).
86
Let a(c) = 138*c + 888. Give a(-6).
60
Let i(t) = 2*t**3 - t**2 - 104*t + 201. Give i(2).
5
Let v(s) = 7*s**2 + 5*s - 3. Determine v(-2).
15
Let a(l) = l**3 - 3*l**2 + 22*l - 102. What is a(4)?
2
Let w(m) = 2045*m - 472389. What is w(231)?
6
Let c(h) = -80*h**2 - 3682*h - 85. Calculate c(-46).
7
Let l(k) = k**2 - 47*k - 4280. What is l(93)?
-2
Let s(l) = -544*l - 2157. Calculate s(-4).
19
Let c(t) = -6*t**2 + 260*t - 80. Determine c(43).
6
Let m(z) = 2*z**3 + 9*z**2 - 38*z - 160. Calculate m(-5).
5
Let d(v) = v**3 + 21*v**2 + 109*v + 19. What is d(-12)?
7
Let b(v) = -v**2 + 9378*v + 10. Give b(0).
10
Let d(n) = 2*n**2 - n - 421. Calculate d(-16).
107
Let x(q) = 4*q**2 + 281*q - 215. Give x(-71).
-2
Let t(c) = -c**3 + 6*c**2 + 66*c + 46. What is t(12)?
-26
Let r(h) = -2*h + 51. Give r(26).
-1
Let u(h) = h**2 + 26*h + 101. Determine u(-20).
-19
Let l(j) = -6*j**2 - 1512*j - 3001. What is l(-250)?
-1
Let w(g) = g**2 - 43*g - 237. What is w(-5)?
3
Let i(m) = m**2 + 162*m + 5351. Give i(-44).
159
Let i(p) = 2*p**2 + p - 63. What is i(-6)?
3
Let j(x) = -2*x**2 - 27*x - 112. Determine j(-18).
-274
Let s(u) = 14*u - 72. Determine s(21).
222
Let m(i) = -i**3 + 366*i**2 - 12469*i + 1657. Determine m(328).
17
Let u(b) = -b**3 - 109*b**2 - 2664*b + 60. Calculate u(-72).
60
Let b(v) = 145*v**3 - 4*v - 3. Give b(-1).
-144
Let c(y) = -2*y**3 - 34*y**2 + 221*y + 24. Determine c(-22).
2
Let q(d) = 2*d**2 + 20*d - 250. Calculate q(7).
-12
Let l(m) = m**2 - 48*m + 319. Give l(6).
67
Let g(n) = n**3 + 22*n**2 + 7*n + 343. Determine g(-23).
-347
Let p(t) = -12*t**2 + 7*t - 17. Calculate p(4).
-181
Let z(h) = -h**3 + 79*h**2 - 225*h - 278. What is z(76)?
-50
Let g(i) = 9*i**2 - 77*i + 36. Determine g(11).
278
Let p(q) = 8*q + 470. Give p(-7).
414
Let f(q) = 928*q + 6129. What is f(-7)?
-367
Let l(n) = -n**3 - 24*n**2 - 82*n + 282. What is l(-19)?
35
Let k(v) = v**3 + 12*v**2 + 15*v - 22. Give k(-10).
28
Let q(n) = 2*n**3 - 209*n**2 + 701*n + 602. What is q(101)?
-4
Let b(f) = f**3 + 24*f**2 - 3*f - 34. What is b(-24)?
38
Let r(z) = z**2 - 119*z - 28. Calculate r(119).
-28
Let f(c) = c + 114. Determine f(-30).
84
Let k(o) = -5*o**2 - 242*o - 340. Determine k(-47).
-11
Let d(z) = -2783*z + 16705. What is d(6)?
7
Let l(g) = 3*g**3 - 24*g**2 - 19*g - 108. Calculate l(9).
-36
Let j(x) = 3*x**3 + 17*x**2 - x - 26. What is j(-5)?
29
Let y(q) = q**3 + 69*q**2 + 72*q + 270. Give y(-68).
-2
Let i(c) = -7*c**2 + 37*c + 88. Give i(7).
4
Let z(o) = -85*o - 422. What is z(-5)?
3
Let x(w) = -w**3 + 4*w**2 + 50*w - 173. What is x(4)?
27
Let q(l) = 11*l**2 - 38*l + 37. Determine q(4).
61
Let i(h) = -h**3 - 80*h**2 - 736*h + 248. What is i(-11)?
-5
Let o(l) = l**3 + 38*l**2 - 9*l - 286. Give o(-38).
56
Let x(n) = 2*n**3 + 111*n**2 + 176*n + 760. Determine x(-54).
4
Let d(u) = 2*u**3 + 18*u**2 + 16*u - 78. Calculate d(-7).
6
Let c(l) = l**3 + 13*l**2 + 9*l + 19. Calculate c(-9).
262
Let x(g) = -g**3 - 105*g**2 + 1652*g - 1650. Give x(-119).
16
Let z(p) = -174*p - 1424. Determine z(-8).
-32
Let x(w) = -w**3 - 23*w**2 + 12*w - 298. Determine x(-24).
-10
Let u(v) = -123*v - 1981. Calculate u(-17).
110
Let u(a) = 247*a - 3452. Determine u(14).
6
Let b(z) = -62*z + 111. Calculate b(1).
49
Let i(c) = -26*c + 212. What is i(8)?
4
Let k(j) = 904*j + 4758. What is k(-5)?
238
Let n(d) = -d**2 - 52*d + 1411. Determine n(18).
151
Let f(b) = 23*b**3 + 61*b - 167. Determine f(3).
637
Let a(p) = 98*p + 8465. Give a(-86).
37
Let t(j) = 70*j**2 + 26945*j - 1925. Give t(-385).
0
Let z(k) = 3910*k + 54743. Determine z(-14).
3
Let q(z) = -z**2 - 5315*z + 31921. Determine q(6).
-5
Let u(t) = -188*t - 17838. What is u(-95)?
22
Let f(h) = -153*h - 796. Determine f(-5).
-31
Let v(k) = 226*k**2 - 684*k + 29. What is v(3)?
11
Let f(p) = p**2 + 8*p + 21. Give f(-7).
14
Let v(n) = 3*n**2 + 86*n - 71. Determine v(-30).
49
Let g(u) = -199*u - 8953. What is g(-45)?
2
Let y(d) = 151*d - 714. Determine y(7).
343
Let p(h) = 21*h - 17. Give p(-12).
-269
Let m(h) = 4*h**2 + 59*h + 435. Calculate m(-8).
219
Let j(x) = 533*x - 1535. Determine j(3).
64
Let d(a) = 8*a**2 - 210*a + 574. What is d(3)?
16
Let k(g) = 298*g + 2108. Give k(-7).
22
Let d(n) = n**2 + 33*n + 182. Give d(-15).
-88
Let y(f) = -135*f + 2844. Give y(21).
9
Let j(z) = 4*z**3 - 16*z**2 + 35*z + 11. What is j(3)?
80
Let j(k) = k**3 + 36*k**2 - 314*k - 559. Give j(-43).
0
Let m(t) = -t**2 - 310*t - 4148. Calculate m(-14).
-4
Let k(u) = 1936*u + 3874. What is k(-2)?
2
Let j(n) = 97*n**3 + 7*n**2 + 15*n + 7. What is j(-1)?
-98
Let u(p) = -2*p**2 + 9*p + 42. Give u(-4).
-26
Let h(l) = -l**3 - 51*l**2 + 1074*l + 104. What is h(-67)?
-30
Let j(q) = 16*q - 237. What is j(14)?
-13
Let p(x) = -4*x**2 + 41*x + 9. Determine p(12).
-75
Let f(j) = -j**3 + 14*j**2 + 16*j - 32. Determine f(-2).
0
Let t(z) = -z**3 - 19*z**2 + 4*z - 5. Give t(-6).
-497
Let g(o) = 410*o + 14362. Calculate g(-35).
12
Let f(u) = 26*u**2 - 1713*u - 203. Determine f(66).
-5
Let o(v) = v**2 - 25*v + 68. Calculate o(25).
68
Let m(v) = -10*v**2 + 53*v + 66. Calculate m(6).
24
Let u(p) = -2*p**3 - 237*p**2 + 114*p - 594. Calculate u(-119).
1
Let a(g) = -11*g - 257. Determine a(-24).
7
Let g(r) = -35*r + 2861. What is g(80)?
61
Let z(f) = 6*f - 504. Give z(67).
-102
Let g(a) = -4*a + 71. Give g(31).
-53
Let v(i) = -i**3 + 53*i**2 - 699*i - 21. Give v(25).
4
Let g(j) = -10*j**2 - 71*j + 441. Give g(5).
-164
Let k(d) = -2*d**2 + 222*d - 1057. Calculate k(5).
3
Let h(v) = 135*v + 11. Calculate h(1).
146
Let i(q) = 7*q**2 - 5*q - 127. What is i(5)?
23
Let r(z) = -z**2 + 864*z + 29596. What is r(-33)?
-5
Let w(k) = -24*k - 524. Calculate w(-22).
4
Let w(i) = 1260*i + 6292. Calculate w(-5).
-8
Let r(q) = -303*q - 41809. What is r(-138)?
5
Let b(c) = 16*c + 45. Determine b(-4).
-19
Let d(g) = -426*g + 29397. Calculate d(69).
3
Let z(h) = -2*h**2 - 33*h - 15. Give z(-16).
1
Let b(d) = 445*d**3 + 3*d**2 + 5*d + 4. What is b(-1)?
-443
Let n(s) = 14*s**3 - 18*s**2 + 4*s + 3. What is n(2)?
51
Let u(c) = -12*c + 18. Determine u(10).
-102
Let f(v) = -v**3 - 9*v**2 + 30*v - 69. Determine f(-12).
3
Let p(g) = -9*g**2 + 14*g + 20. What is p(-1)?
-3
Let n(d) = -4*d + 26. Determine n(17).
-42
Let o(h) = h**2 - 187*h - 2809. Give o(-14).
5
Let b(r) = 23*r + 689. Calculate b(-29).
22
Let s(n) = 5*n**3 - 29*n**2 - 34*n - 22. Determine s(7).
34
Let u(j) = 8*j**3 + 23*j**2 - 31*j + 9. Give u(1).
9
Let h(f) = -5*f**3 - 621*f**2 - 124*f - 8. Give h(-124).
-8
Let f(l) = 142*l**2 - 799*l - 3. Give f(5).
-448
Let s(o) = 603*o - 2412. What is s(4)?
0
Let f(y) = -3*y**2 - 181*y + 462. Give f(-63).
-42
Let j(v) = -11*v**2 - 348*v + 106. Determine j(-32).
-22
Let n(b) = 4691*b + 56288. Give n(-12).
-4
Let c(r) = r**3 + 6*r**2 - 20*r - 76. What is c(-4)?
36
Let n(w) = 3*w + 89. What is n(-27)?
8
Let a(x) = -3*x**2 + 287*x - 225. Determine a(95).
-35
Let f(o) = o**2 + 397*o - 15051. Give f(35).
69
Let l(k) = -5*k**3 + 38*k**2 - 4*k + 28. Determine l(8).
-132
Let l(x) = 3*x**3 + 220*x**2 - 167*x - 1411. Determine l(-74).
-5
Let j(v) = 3*v**2 + 5*v + 34. Give j(-8).
186
Let r(t) = t**3 - 22*t**2 - 21*t - 14. Calculate r(22).
-476
Let v(q) = 2*q + 158. Determine v(0).
158
Let v(h) = h**3 - 29*h**2 - 4*h - 755. Calculate v(30).
25
Let r(h) = 3*h**2 - 202*h - 829. Calculate r(-4).
27
Let c(i) = -4*i**2 - 402*i + 360. Calculate c(-100).
560
Let m(p) = -22*p - 61. Give m(-8).
115
Let h(o) = 5*o**3 - 58*o**